tens digit of 932?
3
What is the hundreds digit of 416?
4
What is the hundreds digit of 5260?
2
What is the tens digit of 480?
8
What is the units digit of 148?
8
What is the tens digit of 385?
8
What is the thousands digit of 36141?
6
What is the hundreds digit of 2002?
0
What is the units digit of 18514?
4
What is the hundreds digit of 10551?
5
What is the hundreds digit of 631?
6
What is the units digit of 45785?
5
What is the units digit of 19156?
6
What is the tens digit of 38990?
9
What is the units digit of 1891?
1
What is the tens digit of 1750?
5
What is the thousands digit of 18923?
8
What is the tens digit of 25675?
7
What is the thousands digit of 12733?
2
What is the tens digit of 1233?
3
What is the hundreds digit of 108907?
9
What is the tens digit of 1331?
3
What is the tens digit of 6931?
3
What is the thousands digit of 2582?
2
What is the ten thousands digit of 16359?
1
What is the tens digit of 3168?
6
What is the hundreds digit of 31250?
2
What is the ten thousands digit of 25081?
2
What is the tens digit of 154952?
5
What is the ten thousands digit of 10536?
1
What is the ten thousands digit of 38588?
3
What is the thousands digit of 3334?
3
What is the hundreds digit of 247?
2
What is the hundreds digit of 877?
8
What is the units digit of 13154?
4
What is the ten thousands digit of 18939?
1
What is the tens digit of 1683?
8
What is the tens digit of 349?
4
What is the units digit of 5530?
0
What is the tens digit of 2010?
1
What is the hundreds digit of 6909?
9
What is the hundreds digit of 6793?
7
What is the tens digit of 66940?
4
What is the tens digit of 676?
7
What is the hundreds digit of 8790?
7
What is the tens digit of 1717?
1
What is the tens digit of 105396?
9
What is the units digit of 4341?
1
What is the hundreds digit of 22460?
4
What is the hundreds digit of 113266?
2
What is the ten thousands digit of 48968?
4
What is the thousands digit of 28363?
8
What is the units digit of 426?
6
What is the units digit of 909?
9
What is the units digit of 482?
2
What is the thousands digit of 2764?
2
What is the units digit of 4869?
9
What is the tens digit of 15319?
1
What is the tens digit of 15187?
8
What is the ten thousands digit of 75067?
7
What is the tens digit of 20152?
5
What is the tens digit of 4024?
2
What is the units digit of 5470?
0
What is the units digit of 658?
8
What is the units digit of 9471?
1
What is the ten thousands digit of 52314?
5
What is the thousands digit of 4172?
4
What is the hundreds digit of 5018?
0
What is the hundreds digit of 107?
1
What is the tens digit of 10737?
3
What is the hundreds digit of 7506?
5
What is the tens digit of 1730?
3
What is the hundreds digit of 552?
5
What is the hundreds digit of 1183?
1
What is the units digit of 12943?
3
What is the thousands digit of 91305?
1
What is the ten thousands digit of 96726?
9
What is the hundreds digit of 682?
6
What is the tens digit of 6740?
4
What is the hundreds digit of 29891?
8
What is the thousands digit of 23944?
3
What is the units digit of 1590?
0
What is the units digit of 183?
3
What is the units digit of 678?
8
What is the tens digit of 15623?
2
What is the thousands digit of 2317?
2
What is the tens digit of 4801?
0
What is the tens digit of 385?
8
What is the hundreds digit of 1341?
3
What is the hundreds digit of 187?
1
What is the tens digit of 730?
3
What is the ten thousands digit of 82555?
8
What is the hundreds digit of 3230?
2
What is the tens digit of 29939?
3
What is the thousands digit of 1406?
1
What is the hundreds digit of 672?
6
What is the thousands digit of 47252?
7
What is the hundreds digit of 4505?
5
What is the tens digit of 26?
2
What is the units digit of 9899?
9
What is the tens digit of 2631?
3
What is the units digit of 537?
7
What is the thousands digit of 7269?
7
What is the units digit of 19828?
8
What is the tens digit of 329?
2
What is the hundreds digit of 12469?
4
What is the hundreds digit of 26602?
6
What is the tens digit of 16699?
9
What is the units digit of 7852?
2
What is the thousands digit of 3691?
3
What is the tens digit of 4742?
4
What is the thousands digit of 4701?
4
What is the thousands digit of 4150?
4
What is the hundreds digit of 65833?
8
What is the tens digit of 9615?
1
What is the thousands digit of 1703?
1
What is the tens digit of 4194?
9
What is the units digit of 39760?
0
What is the units digit of 8320?
0
What is the hundreds digit of 44881?
8
What is the ten thousands digit of 72929?
7
What is the hundreds digit of 5795?
7
What is the tens digit of 271?
7
What is the units digit of 466?
6
What is the tens digit of 18635?
3
What is the tens digit of 2652?
5
What is the ten thousands digit of 47100?
4
What is the units digit of 32?
2
What is the tens digit of 3741?
4
What is the tens digit of 4662?
6
What is the tens digit of 81343?
4
What is the units digit of 5049?
9
What is the tens digit of 28442?
4
What is the units digit of 26476?
6
What is the hundreds digit of 2038?
0
What is the tens digit of 2102?
0
What is the tens digit of 4416?
1
What is the units digit of 34847?
7
What is the tens digit of 9933?
3
What is the tens digit of 404?
0
What is the tens digit of 1313?
1
What is the hundreds digit of 372?
3
What is the thousands digit of 1485?
1
What is the units digit of 187?
7
What is the ten thousands digit of 90429?
9
What is the tens digit of 16552?
5
What is the hundreds digit of 878?
8
What is the units digit of 2795?
5
What is the tens digit of 39559?
5
What is the ten thousands digit of 21677?
2
What is the thousands digit of 24189?
4
What is the units digit of 181504?
4
What is the hundreds digit of 7053?
0
What is the hundreds digit of 278?
2
What is the units digit of 1986?
6
What is the thousands digit of 22701?
2
What is the ten thousands digit of 69441?
6
What is the thousands digit of 6185?
6
What is the hundreds digit of 338?
3
What is the units digit of 10719?
9
What is the tens digit of 3900?
0
What is the units digit of 1120?
0
What is the units digit of 18959?
9
What is the units digit of 8539?
9
What is the thousands digit of 5681?
5
What is the hundreds digit of 14814?
8
What is the hundreds digit of 15971?
9
What is the hundreds digit of 2007?
0
What is the tens digit of 30269?
6
What is the hundreds digit of 312?
3
What is the thousands digit of 142966?
2
What is the hundreds digit of 2820?
8
What is the tens digit of 45483?
8
What is the hundreds digit of 1183?
1
What is the thousands digit of 49355?
9
What is the hundreds digit of 183?
1
What is the hundreds digit of 20211?
2
What is the thousands digit of 2405?
2
What is the units digit of 2177?
7
What is the thousands digit of 50871?
0
What is the thousands digit of 25680?
5
What is the units digit of 473?
3
What is the tens digit of 520?
2
What is the units digit of 167?
7
What is the units digit of 1154?
4
What is the hundreds digit of 25662?
6
What is the tens digit of 902?
0
What is the hundreds digit of 1268?
2
What is the units digit of 24199?
9
What is the hundreds digit of 1322?
3
What is the hundreds digit of 786?
7
What is the tens digit of 471?
7
What is the ten thousands digit of 44381?
4
What is the ten thousands digit of 155456?
5
What is the hundreds digit of 15648?
6
What is the thousands digit of 5480?
5
What is the tens digit of 69975?
7
What is the units digit of 517?
7
What is the tens digit of 125382?
8
What is the units digit of 2406?
6
What is the hundreds digit of 64068?
0
What is the hundreds digit of 16458?
4
What is the hundreds digit of 14962?
9
What is the tens digit of 279?
7
What is the thousands digit of 2662?
2
What is the thousands digit of 1140?
1
What is the units digit of 77243?
3
What is the hundreds digit of 1727?
7
What is the ten thousands digit of 22940?
2
What is the hundreds digit of 57938?
9
What is the tens digit of 156?
5
What is the tens digit of 943?
4
What is the tens digit of 44374?
7
What is the thousands digit of 1908?
1
What is the tens digit of 1480?
8
What is the thousands digit of 5270?
5
What is the hundreds digit of 7992?
9
What is the tens digit of 56188?
8
What is the tens digit of 8568?
6
What is the hundreds digit of 40498?
4
What is the ten thousands digit of 87943?
8
What is the tens digit of 12286?
8